2*1)/((-2)/v)?
False
Suppose 8*l - l = 84. Is l a multiple of 12?
True
Suppose f = 1 - 10. Let v = f + 15. Suppose -2 = k - v. Is 4 a factor of k?
True
Let i = 7 - -23. Suppose -3*p + 8*p - i = 0. Does 6 divide p?
True
Let k = 38 + -21. Let g = k + -3. Does 14 divide g?
True
Let q = 33 - 9. Is 12 a factor of q?
True
Let x(n) = 3*n**3 - 5*n**2 + 3*n - 3. Let v be x(3). Suppose 7*w - 6*w - v = 0. Is w a multiple of 14?
True
Let l(u) = -u**2 - 8*u - 6. Let h be l(-5). Suppose -4*n + h*n + 230 = 0. Let d = n - -80. Is d a multiple of 17?
True
Suppose -8*y = -4*y - 44. Does 11 divide y?
True
Let q = -14 - -4. Is 195/q*(-4)/2 a multiple of 11?
False
Is 10 a factor of (34 + -8)*1/2?
False
Let x be (-1)/(-3)*(14 - -4). Let g = -2 + x. Suppose 5*s = g*b - 31, b - 3*s = 6*b - 11. Is 4 a factor of b?
True
Does 16 divide (-12)/60 - (1 - 652/10)?
True
Suppose 0 = 3*z - 7*z - 12. Let u = 3 + z. Suppose 2*b + b - 27 = u. Is b a multiple of 6?
False
Suppose 21 = 3*p - 3*y, -3*p + 25 = -2*y - 2*y. Suppose t + 2*z + 4 = 0, 2*t - p*z = 2 + 4. Suppose 4*k + t*k = 52. Is 13 a factor of k?
True
Let h(d) = 8*d**2 - 4*d + 4. Is 16 a factor of h(3)?
True
Suppose 0 = 3*p - 7*p - 20. Is 2 a factor of (-20)/(-3) - p/15?
False
Let a(g) = -3 - 2*g**2 + 1 - g**3 + 5*g**2 + 4*g. Does 10 divide a(3)?
True
Suppose 3*m + 271 = 5*a, -4*a + 311 = -4*m + 91. Suppose -t - 118 = t - 2*z, 0 = -t - 2*z - a. Let u = t - -81. Is 12 a factor of u?
True
Let f(o) = o - o + o + 4*o + 2. Let h be (2/(-1) - -10)/1. Does 15 divide f(h)?
False
Let h = 1 - -2. Suppose -2*a + 69 = h. Is a a multiple of 23?
False
Let r(o) be the first derivative of 5*o**4/12 - o**2 + 3. Let n(i) be the second derivative of r(i). Is 10 a factor of n(3)?
True
Let t(y) = -y**2 + 10*y - 7. Let x be t(9). Does 7 divide 12/(-9)*(-21)/x?
True
Let p = 33 + 42. Suppose 0*t - p = -5*t. Is t a multiple of 5?
True
Suppose -13*z + 0*z = -208. Is 4 a factor of z?
True
Let x = 11 + -9. Suppose x*m + 3*m = 30. Does 4 divide m?
False
Suppose 0 = -3*k - 328 + 40. Is k/(-14) + (-4)/(-28) a multiple of 4?
False
Let b = 115 - 30. Suppose 3*u = b + 134. Suppose 2*y + 3*y + n = u, -8 = -y + 2*n. Is 7 a factor of y?
True
Suppose 4*d + 0 = 4. Let t be -1 - (-82 + -1) - d. Suppose -5*u + 99 = -c, -4*u + 2*c + t = 3*c. Is 13 a factor of u?
False
Suppose -4*h - 5*g + 124 = 0, 0 = h + 5*g - 21 - 25. Is h a multiple of 4?
False
Suppose 3*g + 6 = g. Let o = g + 5. Is 2 a factor of o?
True
Suppose -4*z + q - 2*q + 147 = 0, 0 = -5*z - q + 183. Is 12 a factor of z?
True
Suppose -d - 2*d = -96. Suppose -8 = -h - 0. Suppose -5*x + h = -d. Does 4 divide x?
True
Suppose -4*h + 12 = -8. Let j be 6/4*10/h. Suppose j*m - 3*b - 78 = 0, 2*m + 4*b - 38 = 14. Is m a multiple of 10?
False
Suppose -2*h + 104 = 2*j, 3*j + 3*h = -h + 159. Is j a multiple of 23?
False
Let z(p) = -42*p - 5. Does 41 divide z(-5)?
True
Let d = -18 - -33. Is 5 a factor of d?
True
Is (-16 - 2)*(-2)/3 a multiple of 6?
True
Let x(i) = -i**3 + 5*i**2 + 6*i + 6. Let o be x(6). Suppose -5*r = -o*r + 43. Is r a multiple of 17?
False
Let m = 382 - 102. Is 12 a factor of m?
False
Suppose -3*d - 42 - 30 = -5*m, 0 = -4*m - 2*d + 40. Suppose -3*q + y - 2 = -m, -3*q - 5*y + 22 = 0. Is q a multiple of 2?
True
Let p(t) = -t**3 + 12*t**2 + 15*t + 22. Does 8 divide p(13)?
True
Suppose 3*m = -10*m + 1547. Is 11 a factor of m?
False
Let q = -1 - -6. Let h(i) = -4*i + 5*i + 0 + q. Is h(0) a multiple of 3?
False
Let x = -1 - -3. Let p = -19 - -37. Suppose x*i - 4 = p. Is i a multiple of 9?
False
Let g(y) = 2*y**2 - 4*y - 1. Let x be g(3). Suppose -4 = z, x*n - 30 = 4*z + 16. Suppose 6 = k - n. Is 12 a factor of k?
True
Let b(t) = -t + 14. Let x be b(13). Suppose -l + 10 = x. Does 4 divide l?
False
Let n(w) = w**2 + w + 1. Let d(f) = -f**3 + 10*f**2 + 8*f + 7. Let k(t) = -d(t) + 6*n(t). Is k(5) a multiple of 14?
True
Suppose -5*f + 19 = -t, -t = -6 + 10. Let z(v) be the third derivative of -v**5/60 + 5*v**4/24 - v**3/3 - v**2. Does 4 divide z(f)?
True
Suppose 4*c = 30 + 706. Suppose 0*h + c = 4*h. Suppose h - 6 = 5*s. Does 3 divide s?
False
Let g = -2 - -4. Suppose g*x + 102 = d + 3*d, -d - x = -27. Does 20 divide d?
False
Let w(l) = l + 2. Let q be w(4). Let y = q + 14. Is 14 a factor of y?
False
Let f = 215 - 149. Is f a multiple of 15?
False
Let r be (-306)/(-8) + (-5)/20. Suppose 2*k - r = -3*l, 2*k + k = -6. Suppose h = -h + l. Is h a multiple of 6?
False
Is -1 + -2*(-681)/6 a multiple of 11?
False
Let g = 3 - 7. Suppose -4*k = 49 - 137. Let y = k + g. Is 10 a factor of y?
False
Is -20 - -19 - 3*-31 a multiple of 23?
True
Let j be ((-8)/(-12))/((-1)/87). Is 29 a factor of -1 - (0 + j + -1)?
True
Let i = 347 + -175. Suppose 0 = -x - 2*n + 24, 3*n + i = 5*x - 0. Suppose -2*z = -4*z + x. Is z a multiple of 13?
False
Let m be (-4 + 0)*104/(-4). Is ((-6)/(-4))/(6/m) a multiple of 13?
True
Does 9 divide (-5 + -25)/(-1*1)?
False
Let t(n) = 74*n - 10. Is 60 a factor of t(5)?
True
Let q(m) = -2*m**3 + 4*m + 4. Does 12 divide q(-2)?
True
Let n(r) = 2*r**2 + 4*r + 3. Let q be n(-2). Suppose 4*b - 3*s - 1 = 36, s - 18 = -q*b. Is b a multiple of 2?
False
Let g(w) = w**3 - 3*w**2 + w - 1. Let v be (0 + -1)*(-2 + -1). Let n be g(v). Is 20 a factor of 5/((n/(-11))/(-2))?
False
Is 10 a factor of (-1 - 27/(-12))/((-2)/(-536))?
False
Is 29 a factor of 132 + -2 - (-8 + 12)?
False
Is (((-11)/(-2))/11)/(1/218) a multiple of 28?
False
Let i(r) = 7 + 1 + 6*r**2 - 10*r**3 + 11*r**3. Let z be i(-6). Is 2/z + 127/4 a multiple of 16?
True
Is 3 a factor of 4/18 - (-50)/18?
True
Let q = 438 + -118. Is 40 a factor of q?
True
Suppose -67 = x - f - 206, -20 = 5*f. Does 15 divide x?
True
Let h(w) = 4*w**2 - 2*w. Does 18 divide h(-4)?
True
Let y = 514 - 289. Suppose 5*m = 5*h - y, h + 4*m - 9 - 26 = 0. Does 18 divide h?
False
Let u(g) = -6*g + 2. Is u(-5) a multiple of 5?
False
Let c = 5 + 7. Is 3 a factor of c?
True
Let a(h) = -h**3 - 2*h**2 - 2*h + 1. Let x be a(-2). Let c = 40 - 39. Let l = x + c. Is l even?
True
Let o be (-154)/(-2) - (-13)/((-65)/10). Suppose 0 = k + 4*i + 12 + 61, 290 = -5*k - 5*i. Let g = o + k. Does 19 divide g?
False
Let y(m) = 2*m. Let j be y(1). Let a = 2 + j. Suppose -6*o + o + 60 = -5*t, -o - a*t + 27 = 0. Is 13 a factor of o?
False
Let u(h) be the first derivative of -2 - 1/2*h**2 + 3*h. Is 5 a factor of u(-7)?
True
Let j(k) = 2*k**3 - 11*k**2 - 24*k + 21. Does 31 divide j(9)?
True
Let s = 291 + -191. Let o = -159 + s. Is 0 + -1 - (1 + o) a multiple of 22?
False
Suppose -z = 5 + 7. Let k = 0 - z. Is 5 a factor of k?
False
Let d(h) = 2*h**3 + 3*h**2 + h. Let m be d(-2). Does 18 divide 81/(1/(-4)*m)?
True
Suppose -16 + 4 = 4*g. Let i be g + (60 - (1 - -2)). Suppose 21 = -2*t + 5*r + 70, 3*t = r + i. Is 17 a factor of t?
True
Let a(n) = -n**2 + n + 7. Does 4 divide a(0)?
False
Suppose 6*x - 81 = 123. Is x a multiple of 17?
True
Let c(w) = 12*w - 82. Does 13 divide c(21)?
False
Suppose -2*m = -6*m - 144. Does 4 divide 8/m - (-110)/9?
True
Suppose -3*q + 4 + 5 = i, 2*i - 16 = -5*q. Suppose 0*b = q*b - 12. Does 3 divide b?
True
Let h(o) = o**2 + 10*o - 15. Does 26 divide h(7)?
True
Let i(g) = -g - 11. Let k be i(8). Suppose 0*j = 4*j. Does 10 divide (j - (-1 - k))/(-1)?
False
Let g = 7 + -3. Suppose g = 3*v - v. Suppose 5*d + 9*j - 55 = 4*j, d - v = 2*j. Does 4 divide d?
True
Let r = -95 + -3. Suppose -s - 4*s = 335. Let o = s - r. Is 22 a factor of o?
False
Let s(t) = -t**3 - 6*t**2 - 6*t - 2. Let l be s(-5). Suppose 31 = 4*w - 3*k + 5, 2*w - 16 = l*k. Is 3 a factor of w?
False
Suppose -75 = -4*p - g, 0 = 3*p + 3*g + 10 - 55. Is 10 a factor of p?
True
Let f(w) be the second derivative of w**8/6720 - w**7/315 + w**6/720 + w**5/40 - w**4/6 - 2*w. Let m(x) be the third derivative of f(x). Does 11 divide m(8)?
True
Suppose -4*z - 3*b - 2 + 26 = 0, -z = -4*b + 13. Suppose -5*v = -z*v + l - 18, 2*v - 4*l - 8 = 0. Is 8 a factor of v?
True
Let y(q) = 3*q**3 - 4*q**2 - 5*q. Is y(4) a multiple of 6?
True
Suppose 126 = 4*j + 54. Let k = 20 + j. Does 19 divide k?
True
Does 3 divide 6/(8/4)*22/6?
False
Let f(w) be the second derivative of 4*w**5/5 - w**4/12 + w**2/2 - 3*w. Let n be f(1). Is 11 a factor of (-78)/8*n/(-6)?
False
Suppose -a + 26 + 9 = 0. Suppose -a = -x - 4*x. Is 7 a factor of x?
True
Suppose 120 + 42 =